t is the tens digit of 162808?
0
What is the thousands digit of 884315?
4
What is the tens digit of 6514872?
7
What is the millions digit of 1631175?
1
What is the tens digit of 482312?
1
What is the hundred thousands digit of 1979545?
9
What is the ten thousands digit of 212292?
1
What is the hundreds digit of 1112997?
9
What is the hundreds digit of 24899537?
5
What is the units digit of 232042?
2
What is the ten thousands digit of 5640358?
4
What is the ten thousands digit of 1743699?
4
What is the hundreds digit of 213069?
0
What is the millions digit of 1550860?
1
What is the units digit of 16427620?
0
What is the tens digit of 429710?
1
What is the hundreds digit of 143546?
5
What is the ten thousands digit of 345118?
4
What is the hundred thousands digit of 5673084?
6
What is the thousands digit of 142142?
2
What is the tens digit of 3698362?
6
What is the units digit of 2907102?
2
What is the thousands digit of 469943?
9
What is the hundreds digit of 17064181?
1
What is the ten thousands digit of 128666?
2
What is the hundred thousands digit of 7117008?
1
What is the hundred thousands digit of 160768?
1
What is the tens digit of 217548?
4
What is the tens digit of 7985154?
5
What is the millions digit of 1220773?
1
What is the tens digit of 27348890?
9
What is the ten millions digit of 10336058?
1
What is the ten thousands digit of 358845?
5
What is the hundred thousands digit of 487629?
4
What is the hundred thousands digit of 351169?
3
What is the ten thousands digit of 639446?
3
What is the units digit of 2688006?
6
What is the ten thousands digit of 8313469?
1
What is the hundred thousands digit of 1718855?
7
What is the units digit of 1233685?
5
What is the units digit of 32955?
5
What is the tens digit of 18384?
8
What is the thousands digit of 596106?
6
What is the thousands digit of 479776?
9
What is the thousands digit of 501010?
1
What is the ten thousands digit of 16371385?
7
What is the tens digit of 155552?
5
What is the thousands digit of 1731303?
1
What is the hundred thousands digit of 2537435?
5
What is the tens digit of 1891349?
4
What is the ten thousands digit of 475508?
7
What is the tens digit of 9912560?
6
What is the hundred thousands digit of 4292205?
2
What is the thousands digit of 179003?
9
What is the tens digit of 259640?
4
What is the thousands digit of 1452028?
2
What is the thousands digit of 1824377?
4
What is the units digit of 13629?
9
What is the millions digit of 5594591?
5
What is the hundreds digit of 2477379?
3
What is the units digit of 1217807?
7
What is the millions digit of 2982580?
2
What is the units digit of 596022?
2
What is the units digit of 215421?
1
What is the tens digit of 1947256?
5
What is the units digit of 109990?
0
What is the hundred thousands digit of 255007?
2
What is the millions digit of 10000215?
0
What is the hundreds digit of 21702940?
9
What is the hundreds digit of 33963?
9
What is the units digit of 1076954?
4
What is the units digit of 168593?
3
What is the hundred thousands digit of 415162?
4
What is the hundred thousands digit of 36331359?
3
What is the hundreds digit of 779466?
4
What is the thousands digit of 4289520?
9
What is the hundred thousands digit of 197493?
1
What is the hundreds digit of 698130?
1
What is the thousands digit of 2391?
2
What is the hundreds digit of 2471676?
6
What is the ten thousands digit of 1100000?
0
What is the hundreds digit of 1267170?
1
What is the units digit of 10086045?
5
What is the hundreds digit of 224652?
6
What is the tens digit of 4637673?
7
What is the units digit of 8925194?
4
What is the tens digit of 299271?
7
What is the hundreds digit of 560356?
3
What is the units digit of 426633?
3
What is the units digit of 853769?
9
What is the hundreds digit of 4247646?
6
What is the hundreds digit of 2622020?
0
What is the hundred thousands digit of 608336?
6
What is the hundred thousands digit of 310417?
3
What is the hundred thousands digit of 2824970?
8
What is the ten thousands digit of 2563101?
6
What is the hundreds digit of 31277288?
2
What is the ten thousands digit of 121457?
2
What is the thousands digit of 108884?
8
What is the units digit of 4561876?
6
What is the thousands digit of 639974?
9
What is the thousands digit of 1261852?
1
What is the tens digit of 1871469?
6
What is the tens digit of 575592?
9
What is the ten thousands digit of 1474292?
7
What is the millions digit of 12308299?
2
What is the hundreds digit of 33995?
9
What is the units digit of 178692?
2
What is the thousands digit of 424873?
4
What is the ten thousands digit of 1506293?
0
What is the units digit of 499888?
8
What is the ten thousands digit of 867260?
6
What is the ten thousands digit of 8490304?
9
What is the tens digit of 5249134?
3
What is the millions digit of 37929293?
7
What is the tens digit of 339957?
5
What is the tens digit of 1658211?
1
What is the hundred thousands digit of 1118844?
1
What is the tens digit of 1349153?
5
What is the units digit of 1751885?
5
What is the hundreds digit of 14193334?
3
What is the thousands digit of 573864?
3
What is the thousands digit of 2453209?
3
What is the tens digit of 12123386?
8
What is the ten millions digit of 27746997?
2
What is the ten thousands digit of 30549078?
4
What is the ten thousands digit of 148368?
4
What is the hundreds digit of 4506636?
6
What is the hundreds digit of 2879002?
0
What is the millions digit of 1074497?
1
What is the tens digit of 536914?
1
What is the thousands digit of 6770223?
0
What is the hundred thousands digit of 2144547?
1
What is the hundred thousands digit of 356311?
3
What is the hundred thousands digit of 4779302?
7
What is the millions digit of 3180239?
3
What is the millions digit of 2250218?
2
What is the hundred thousands digit of 872541?
8
What is the tens digit of 6534351?
5
What is the tens digit of 1024340?
4
What is the millions digit of 7089828?
7
What is the tens digit of 722439?
3
What is the thousands digit of 1129930?
9
What is the millions digit of 2358843?
2
What is the ten thousands digit of 726592?
2
What is the thousands digit of 5231274?
1
What is the hundred thousands digit of 5743688?
7
What is the hundreds digit of 281393?
3
What is the ten thousands digit of 152361?
5
What is the thousands digit of 91583?
1
What is the hundred thousands digit of 890825?
8
What is the tens digit of 106419?
1
What is the tens digit of 7108343?
4
What is the ten thousands digit of 37497?
3
What is the millions digit of 5769869?
5
What is the hundreds digit of 142673?
6
What is the millions digit of 9094100?
9
What is the hundred thousands digit of 12506873?
5
What is the thousands digit of 1739709?
9
What is the ten thousands digit of 749040?
4
What is the hundreds digit of 362715?
7
What is the units digit of 664584?
4
What is the units digit of 12743619?
9
What is the ten thousands digit of 93826?
9
What is the thousands digit of 1202047?
2
What is the thousands digit of 15034417?
4
What is the units digit of 4816892?
2
What is the millions digit of 9604975?
9
What is the units digit of 177214?
4
What is the tens digit of 922981?
8
What is the ten thousands digit of 1067071?
6
What is the hundreds digit of 2498335?
3
What is the hundreds digit of 454599?
5
What is the hundred thousands digit of 3461546?
4
What is the hundred thousands digit of 127332?
1
What is the tens digit of 1566880?
8
What is the millions digit of 12866038?
2
What is the ten thousands digit of 2128369?
2
What is the hundred thousands digit of 665797?
6
What is the hundred thousands digit of 499128?
4
What is the tens digit of 790842?
4
What is the hundreds digit of 1879410?
4
What is the hundred thousands digit of 2665964?
6
What is the ten thousands digit of 522124?
2
What is the hundred thousands digit of 482546?
4
What is the thousands digit of 29854?
9
What is the hundred thousands digit of 8244355?
2
What is the hundred thousands digit of 7600093?
6
What is the ten thousands digit of 987614?
8
What is the ten millions digit of 11134485?
1
What is the hundreds digit of 8955129?
1
What is the millions digit of 1262828?
1
What is the thousands digit of 5578786?
8
What is the hundreds digit of 155877?
8
What is the tens digit of 85973?
7
What is the ten tho